rue
Does 10 divide 762088588?
False
Is 4 a factor of 962904136?
True
Is 113 a factor of 1894095265?
True
Is 2332 a factor of 127539412?
True
Is 661 a factor of 1456586468?
False
Is 58 a factor of 37439232?
True
Does 4 divide 49520680?
True
Is 12 a factor of 225745872?
True
Does 109 divide 68354990?
True
Is 471434382 a multiple of 1032?
False
Is 44 a factor of 679539268?
False
Does 10 divide 35567333?
False
Does 5 divide 2556870?
True
Is 532 a factor of 145239724?
True
Does 52 divide 1348003644?
True
Does 5518 divide 2115926762?
True
Does 885 divide 40041570?
False
Is 45 a factor of 769273560?
True
Is 64 a factor of 87948823?
False
Is 57 a factor of 1174689358?
False
Is 142597848 a multiple of 3284?
True
Does 34 divide 3100529322?
False
Does 1004 divide 47894821?
False
Is 13 a factor of 43373330?
True
Does 12 divide 503767020?
True
Is 196 a factor of 1025453968?
True
Is 11771 a factor of 1082787007?
False
Is 3233206 even?
True
Does 1139 divide 4829360?
True
Is 207034605 a multiple of 954?
False
Is 49648445 a multiple of 215?
True
Is 51705880 a multiple of 20?
True
Does 542 divide 46223386?
True
Does 32 divide 110313983?
False
Is 24 a factor of 125846856?
True
Does 80 divide 164524307?
False
Is 137464392 a multiple of 1976?
True
Is 16898797 a multiple of 14?
False
Does 48 divide 80442660?
False
Is 3 a factor of 634083?
True
Does 542 divide 1010452905?
False
Is 37766029 a multiple of 79?
True
Does 6 divide 7011362?
False
Does 8 divide 59602968?
True
Does 3 divide 2321073?
True
Does 34 divide 5017338?
False
Is 9 a factor of 69829527?
False
Is 1029 a factor of 73325618?
False
Is 3 a factor of 18018940?
False
Is 20364672 a multiple of 19?
False
Does 41 divide 761949658?
True
Is 1290789381 a multiple of 217?
False
Is 364792256 a multiple of 16?
True
Does 224 divide 4296096?
True
Is 350776160 a multiple of 5?
True
Is 10026794 a multiple of 4?
False
Is 157016601 a multiple of 433?
False
Is 1579913634 a multiple of 34?
False
Is 530 a factor of 3292142170?
True
Is 29 a factor of 8032115?
False
Is 16 a factor of 310512496?
True
Does 290 divide 31699610?
True
Is 356812675 a multiple of 25?
True
Does 35 divide 80845556?
False
Does 22 divide 248547486?
True
Does 123 divide 37917228?
False
Is 66989472 a multiple of 292?
True
Does 381 divide 16480917?
True
Is 47997170 a multiple of 170?
False
Is 1330841192 a multiple of 103?
False
Is 723 a factor of 1188088062?
False
Is 2057591 a multiple of 3?
False
Does 53 divide 90448585?
False
Does 144 divide 236348295?
False
Is 20301678 a multiple of 281?
False
Does 5 divide 69189?
False
Does 622 divide 467344676?
True
Is 92810501 a multiple of 321?
False
Does 43 divide 66143847?
True
Is 13516387 a multiple of 475?
False
Is 4828 a factor of 281841671?
False
Is 3192843599 a multiple of 118?
False
Is 87575180 a multiple of 418?
True
Is 81365702 a multiple of 11?
True
Does 809 divide 780465761?
True
Is 4144184 a multiple of 22?
True
Is 270556148 a multiple of 4?
True
Is 19555444 a multiple of 609?
False
Does 3 divide 2256182?
False
Is 155011974 a multiple of 116?
False
Does 16 divide 120560448?
True
Does 347 divide 905687350?
True
Is 150396897 a multiple of 259?
True
Does 295 divide 33877811?
False
Is 527302 a multiple of 40?
False
Does 17 divide 75173554?
False
Does 1992 divide 2013346272?
True
Is 14319984 a multiple of 8?
True
Is 47858001 a multiple of 871?
False
Does 9 divide 48036528?
True
Is 29295199 a multiple of 149?
False
Is 79 a factor of 472295101?
True
Does 871 divide 989924815?
False
Is 3 a factor of 50265056?
False
Is 1625345568 a multiple of 28?
True
Does 235 divide 13765125?
True
Does 123 divide 3374937525?
False
Is 19233207 a multiple of 189?
True
Is 16036783 a multiple of 5?
False
Is 152 a factor of 16236542?
False
Is 24033867 a multiple of 33?
True
Is 74 a factor of 128814407?
False
Is 7452944 a multiple of 88?
False
Is 25398219 a multiple of 1529?
True
Does 288 divide 36143686?
False
Is 38 a factor of 5994956?
True
Does 21 divide 25598376?
False
Does 276 divide 67589613?
False
Is 38744720 a multiple of 1720?
True
Does 4452 divide 112505742?
False
Is 2427469200 a multiple of 75?
True
Does 8 divide 79605275?
False
Is 33082720 a multiple of 579?
False
Is 684223362 a multiple of 243?
True
Is 351 a factor of 65832163?
False
Is 119 a factor of 295596?
True
Is 8153247 a multiple of 23?
True
Does 11 divide 595644198?
False
Is 73 a factor of 5181198101?
False
Is 3764502 a multiple of 63?
True
Is 111390928 a multiple of 92?
False
Does 10 divide 32998900?
True
Is 508677763 a multiple of 9?
False
Does 2157 divide 35571087?
True
Is 110 a factor of 5312878723?
False
Is 913536866 a multiple of 8?
False
Does 11 divide 1078591825?
False
Does 5 divide 91640579?
False
Does 21 divide 206515713?
False
Does 54 divide 564577182?
True
Does 3119 divide 170082189?
True
Is 46 a factor of 65530588?
True
Is 1017693087 a multiple of 114?
False
Is 673979867 a multiple of 65?
False
Is 20462213 a multiple of 167?
False
Does 71 divide 4313534?
True
Does 53 divide 45953739?
False
Does 182 divide 87050236?
True
Does 5121 divide 175503982?
False
Does 755 divide 46031569?
False
Is 44038665 a multiple of 15?
True
Is 97360494 a multiple of 913?
True
Is 401 a factor of 25350860?
False
Is 2657799984 a multiple of 1813?
True
Is 319 a factor of 550640251?
False
Is 78308780 a multiple of 21?
False
Does 33 divide 49132871?
False
Is 2017321957 a multiple of 2289?
False
Does 200 divide 25528038?
False
Is 54182925 a multiple of 1425?
False
Is 1803 a factor of 5470589?
False
Does 732 divide 63105720?
True
Does 705 divide 1822958610?
False
Is 127746542 a multiple of 14?
True
Does 12 divide 72107352?
True
Is 262 a factor of 426008856?
True
Does 40 divide 71544320?
True
Is 592383400 a multiple of 140?
True
Is 68747458 a multiple of 58?
True
Does 3162 divide 970598034?
True
Is 528 a factor of 137236704?
True
Is 242 a factor of 233322122?
True
Does 1873 divide 374056830?
True
Does 18 divide 1530278436?
False
Is 34 a factor of 72631091?
False
Is 221 a factor of 2343042?
True
Is 154 a factor of 12873630?
True
Does 2573 divide 64880768?
True
Is 51501905 a multiple of 5?
True
Is 733365054 a multiple of 1766?
True
Does 16 divide 5121921302?
False
Is 11 a factor of 10038625?
False
Does 24 divide 24230232?
True
Is 9 a factor of 71886354?
False
Is 89409120 a multiple of 10?
True
Does 302 divide 9514523?
False
Is 2476 a factor of 29764418?
False
Is 106558132 a multiple of 20?
False
Is 157475075 a multiple of 148?
False
Does 196 divide 504519809?
False
Does 16 divide 18063304?
False
Is 1683393 a multiple of 1061?
False
Is 8369639 a multiple of 30?
False
Is 186 a factor of 303224438?
False
Is 346219672 a multiple of 1786?
True
Is 862 a factor of 86363546?
False
Is 24 a factor of 1822521840?
True
Is 831 a factor of 700585353?
True
Is 198 a factor of 611571879?
False
Is 2569 a factor of 577392050?
False
Is 973663983 a multiple of 96?
False
Does 402 divide 221369742?
True
Is 92574990 a multiple of 10?
True
Is 30 a factor of 38949523?
False
Does 19 divide 147618676?
True
Is 78348821 a multiple of 329?
False
Is 772795 a multiple of 50?
False
Is 557 a factor of 477766797?
False
Is 316515467 a multiple of 681?
False
Is 97 a factor of 19834560?
True
Is 4377238 a multiple of 87?
False
Is 22457595 a multiple of 51?
True
Is 1108954287 a multiple of 21?
True
Is 1826 a factor of 244189154?
True
Is 786 a factor of 16890377?
False
Is 633 a factor of 153851916?
True
Does 5699 divide 115313566?
True
Is 47526890 a multiple of 10?
True
Is 85513170 a multiple of 23?
False
Does 590 divide 415149960?
True
Is 177489898 a multiple of 106?
True
Is 25 a factor of 365424300?
True
Does 29 divide 67433323?
True
Does 13 divide 61603282?
True
Does 1477 divide 35707379?
False
Is 16 a factor of 68079490?
False
Is 457049663 a multiple of 82?
False
Is 18115054 a multiple of 227?
True
Is 380597000 a multiple of 70?
True
Does 1661 divide 30060778?
True
Is 1744779620 a multiple of 10?
True
Is 4064 a factor of 83088480?
True
Is 185 a factor of 41823380?
False
Is 153657280 a multiple of 17?
False
Is 9006368 a multiple of 8?
True
Is 14 a factor of 251574796?
False
Is 123310300 a multiple of 131?
True
Is 299906052 a multiple of 3?
True
Is 31500975 a multiple of 75?
True
Is 55558986 a multiple of 42?
True
Is